{"id":1199,"date":"2019-04-24T09:21:54","date_gmt":"2019-04-24T09:21:54","guid":{"rendered":"http:\/\/griwkor.pl\/2019\/?page_id=1199"},"modified":"2026-02-22T14:17:27","modified_gmt":"2026-02-22T14:17:27","slug":"produkty","status":"publish","type":"page","link":"http:\/\/griwkor.pl\/2019\/produkty\/","title":{"rendered":"Produkty"},"content":{"rendered":"\t\t<div data-elementor-type=\"wp-post\" data-elementor-id=\"1199\" class=\"elementor elementor-1199\">\n\t\t\t\t\t\t<div class=\"elementor-inner\">\n\t\t\t\t<div class=\"elementor-section-wrap\">\n\t\t\t\t\t\t\t\t\t<section class=\"elementor-section elementor-top-section elementor-element elementor-element-c6aadfe elementor-section-boxed elementor-section-height-default elementor-section-height-default\" data-id=\"c6aadfe\" data-element_type=\"section\">\n\t\t\t\t\t\t<div class=\"elementor-container elementor-column-gap-default\">\n\t\t\t\t\t\t\t<div class=\"elementor-row\">\n\t\t\t\t\t<div class=\"elementor-column elementor-col-100 elementor-top-column elementor-element elementor-element-5e87d28\" data-id=\"5e87d28\" data-element_type=\"column\">\n\t\t\t<div class=\"elementor-column-wrap elementor-element-populated\">\n\t\t\t\t\t\t\t<div class=\"elementor-widget-wrap\">\n\t\t\t\t\t\t<div class=\"elementor-element elementor-element-15eab7f elementor-widget elementor-widget-heading\" data-id=\"15eab7f\" data-element_type=\"widget\" data-widget_type=\"heading.default\">\n\t\t\t\t<div class=\"elementor-widget-container\">\n\t\t\t<h2 class=\"elementor-heading-title elementor-size-default\">Informacje: Produkty<\/h2>\t\t<\/div>\n\t\t\t\t<\/div>\n\t\t\t\t<div class=\"elementor-element elementor-element-6757d17 elementor-widget elementor-widget-heading\" data-id=\"6757d17\" data-element_type=\"widget\" data-widget_type=\"heading.default\">\n\t\t\t\t<div class=\"elementor-widget-container\">\n\t\t\t<h2 class=\"elementor-heading-title elementor-size-large\">WA\u017bNE INFORMACJE DLA OS\u00d3B PODR\u00d3\u017bUJ\u0104CYCH DO UE<\/h2>\t\t<\/div>\n\t\t\t\t<\/div>\n\t\t\t\t<div class=\"elementor-element elementor-element-ac59458 elementor-align-left elementor-icon-list--layout-traditional elementor-list-item-link-full_width elementor-widget elementor-widget-icon-list\" data-id=\"ac59458\" data-element_type=\"widget\" data-widget_type=\"icon-list.default\">\n\t\t\t\t<div class=\"elementor-widget-container\">\n\t\t\t\t\t<ul class=\"elementor-icon-list-items\">\n\t\t\t\t\t\t\t<li class=\"elementor-icon-list-item\">\n\t\t\t\t\t\t\t\t\t\t\t<a href=\"http:\/\/griwkor.pl\/2019\/wp-content\/uploads\/2019\/05\/Przyw\u00f3z-produkt\u00f3w-pochodzenia-zwierz\u0119cego-na-teren-UE.pdf\">\n\n\t\t\t\t\t\t\t\t\t\t\t\t<span class=\"elementor-icon-list-icon\">\n\t\t\t\t\t\t\t<i aria-hidden=\"true\" class=\"far fa-file-pdf\"><\/i>\t\t\t\t\t\t<\/span>\n\t\t\t\t\t\t\t\t\t\t<span class=\"elementor-icon-list-text\">Przyw\u00f3z produkt\u00f3w pochodzenia zwierz\u0119cego na teren UE  (w tym niewielkie ilo\u015bci wwo\u017cone przez podr\u00f3\u017cnych)<\/span>\n\t\t\t\t\t\t\t\t\t\t\t<\/a>\n\t\t\t\t\t\t\t\t\t<\/li>\n\t\t\t\t\t\t\t\t<li class=\"elementor-icon-list-item\">\n\t\t\t\t\t\t\t\t\t\t\t<a href=\"http:\/\/griwkor.pl\/2019\/wp-content\/uploads\/2020\/01\/kanapki.pdf\">\n\n\t\t\t\t\t\t\t\t\t\t\t\t<span class=\"elementor-icon-list-icon\">\n\t\t\t\t\t\t\t<i aria-hidden=\"true\" class=\"far fa-file-pdf\"><\/i>\t\t\t\t\t\t<\/span>\n\t\t\t\t\t\t\t\t\t\t<span class=\"elementor-icon-list-text\">Ulotka - produkty pochodzenia zwierz\u0119cego (w tym produkty z\u0142o\u017cone), kt\u00f3re mo\u017cna wwozi\u0107 do UE  <\/span>\n\t\t\t\t\t\t\t\t\t\t\t<\/a>\n\t\t\t\t\t\t\t\t\t<\/li>\n\t\t\t\t\t\t<\/ul>\n\t\t\t\t<\/div>\n\t\t\t\t<\/div>\n\t\t\t\t<div class=\"elementor-element elementor-element-a17af32 elementor-widget elementor-widget-heading\" data-id=\"a17af32\" data-element_type=\"widget\" data-widget_type=\"heading.default\">\n\t\t\t\t<div class=\"elementor-widget-container\">\n\t\t\t<h2 class=\"elementor-heading-title elementor-size-large\">WYKAZY PODMIOT\u00d3W<\/h2>\t\t<\/div>\n\t\t\t\t<\/div>\n\t\t\t\t<div class=\"elementor-element elementor-element-83f6354 elementor-align-left elementor-icon-list--layout-traditional elementor-list-item-link-full_width elementor-widget elementor-widget-icon-list\" data-id=\"83f6354\" data-element_type=\"widget\" data-widget_type=\"icon-list.default\">\n\t\t\t\t<div class=\"elementor-widget-container\">\n\t\t\t\t\t<ul class=\"elementor-icon-list-items\">\n\t\t\t\t\t\t\t<li class=\"elementor-icon-list-item\">\n\t\t\t\t\t\t\t\t\t\t\t<a href=\"https:\/\/ec.europa.eu\/food\/safety\/biosafety\/food_hygiene\/eu_food_establishments_en\">\n\n\t\t\t\t\t\t\t\t\t\t\t\t<span class=\"elementor-icon-list-icon\">\n\t\t\t\t\t\t\t<i aria-hidden=\"true\" class=\"fas fa-link\"><\/i>\t\t\t\t\t\t<\/span>\n\t\t\t\t\t\t\t\t\t\t<span class=\"elementor-icon-list-text\">HC - Rejestr zatwierdzonych zak\u0142ad\u00f3w spo\u017cywczych w UE<\/span>\n\t\t\t\t\t\t\t\t\t\t\t<\/a>\n\t\t\t\t\t\t\t\t\t<\/li>\n\t\t\t\t\t\t\t\t<li class=\"elementor-icon-list-item\">\n\t\t\t\t\t\t\t\t\t\t\t<a href=\"https:\/\/ec.europa.eu\/food\/safety\/animal-by-products\/approved-establishments_en\">\n\n\t\t\t\t\t\t\t\t\t\t\t\t<span class=\"elementor-icon-list-icon\">\n\t\t\t\t\t\t\t<i aria-hidden=\"true\" class=\"fas fa-link\"><\/i>\t\t\t\t\t\t<\/span>\n\t\t\t\t\t\t\t\t\t\t<span class=\"elementor-icon-list-text\">NHC - Rejestr zatwierdzonych zak\u0142ad\u00f3w dla produkt\u00f3w niejadalnych w UE<\/span>\n\t\t\t\t\t\t\t\t\t\t\t<\/a>\n\t\t\t\t\t\t\t\t\t<\/li>\n\t\t\t\t\t\t\t\t<li class=\"elementor-icon-list-item\">\n\t\t\t\t\t\t\t\t\t\t\t<a href=\"https:\/\/pasze.wetgiw.gov.pl\/uppz1\/demo\/index.php?l=pl\">\n\n\t\t\t\t\t\t\t\t\t\t\t\t<span class=\"elementor-icon-list-icon\">\n\t\t\t\t\t\t\t<i aria-hidden=\"true\" class=\"fas fa-link\"><\/i>\t\t\t\t\t\t<\/span>\n\t\t\t\t\t\t\t\t\t\t<span class=\"elementor-icon-list-text\">NHC - Lista zak\u0142ad\u00f3w sektora utylizacyjnego zatwierdzonych zgodnie z rozporz\u0105dzeniem (WE) nr 1069\/2009<\/span>\n\t\t\t\t\t\t\t\t\t\t\t<\/a>\n\t\t\t\t\t\t\t\t\t<\/li>\n\t\t\t\t\t\t\t\t<li class=\"elementor-icon-list-item\">\n\t\t\t\t\t\t\t\t\t\t\t<a href=\"https:\/\/webgate.ec.europa.eu\/tracesnt\/directory\/controlled-location\/index#!\/search?sort=name.value\">\n\n\t\t\t\t\t\t\t\t\t\t\t\t<span class=\"elementor-icon-list-icon\">\n\t\t\t\t\t\t\t<i aria-hidden=\"true\" class=\"fas fa-link\"><\/i>\t\t\t\t\t\t<\/span>\n\t\t\t\t\t\t\t\t\t\t<span class=\"elementor-icon-list-text\">Lista zatwierdzonych sk\u0142ad\u00f3w celnych dla produkt\u00f3w niezgodnych w UE<\/span>\n\t\t\t\t\t\t\t\t\t\t\t<\/a>\n\t\t\t\t\t\t\t\t\t<\/li>\n\t\t\t\t\t\t\t\t<li class=\"elementor-icon-list-item\">\n\t\t\t\t\t\t\t\t\t\t\t<a href=\"https:\/\/webgate.ec.europa.eu\/tracesnt\/directory\/listing\/establishment\/publication\/index#!\/search\">\n\n\t\t\t\t\t\t\t\t\t\t\t\t<span class=\"elementor-icon-list-icon\">\n\t\t\t\t\t\t\t<i aria-hidden=\"true\" class=\"fas fa-link\"><\/i>\t\t\t\t\t\t<\/span>\n\t\t\t\t\t\t\t\t\t\t<span class=\"elementor-icon-list-text\">Lista zak\u0142ad\u00f3w w krajach trzecich zatwierdzonych do eksportu do UE<\/span>\n\t\t\t\t\t\t\t\t\t\t\t<\/a>\n\t\t\t\t\t\t\t\t\t<\/li>\n\t\t\t\t\t\t<\/ul>\n\t\t\t\t<\/div>\n\t\t\t\t<\/div>\n\t\t\t\t<div class=\"elementor-element elementor-element-e55eb39 elementor-widget elementor-widget-heading\" data-id=\"e55eb39\" data-element_type=\"widget\" data-widget_type=\"heading.default\">\n\t\t\t\t<div class=\"elementor-widget-container\">\n\t\t\t<h2 class=\"elementor-heading-title elementor-size-large\">WPROWADZANIE TOWAR\u00d3W POCHODZENIA ZWIERZ\u0118CEGO - ZG\u0141OSZENIE DO KONTROLI WETERYNARYJNEJ<\/h2>\t\t<\/div>\n\t\t\t\t<\/div>\n\t\t\t\t<div class=\"elementor-element elementor-element-6ff56cb elementor-align-left elementor-icon-list--layout-traditional elementor-list-item-link-full_width elementor-widget elementor-widget-icon-list\" data-id=\"6ff56cb\" data-element_type=\"widget\" data-widget_type=\"icon-list.default\">\n\t\t\t\t<div class=\"elementor-widget-container\">\n\t\t\t\t\t<ul class=\"elementor-icon-list-items\">\n\t\t\t\t\t\t\t<li class=\"elementor-icon-list-item\">\n\t\t\t\t\t\t\t\t\t\t\t<a href=\"http:\/\/griwkor.pl\/2019\/zgloszenie-do-kontroli\/\">\n\n\t\t\t\t\t\t\t\t\t\t\t\t<span class=\"elementor-icon-list-icon\">\n\t\t\t\t\t\t\t<i aria-hidden=\"true\" class=\"fas fa-link\"><\/i>\t\t\t\t\t\t<\/span>\n\t\t\t\t\t\t\t\t\t\t<span class=\"elementor-icon-list-text\">Wskaz\u00f3wki dotycz\u0105ce zg\u0142aszania do kontroli<\/span>\n\t\t\t\t\t\t\t\t\t\t\t<\/a>\n\t\t\t\t\t\t\t\t\t<\/li>\n\t\t\t\t\t\t<\/ul>\n\t\t\t\t<\/div>\n\t\t\t\t<\/div>\n\t\t\t\t<div class=\"elementor-element elementor-element-58f2194 elementor-widget elementor-widget-heading\" data-id=\"58f2194\" data-element_type=\"widget\" data-widget_type=\"heading.default\">\n\t\t\t\t<div class=\"elementor-widget-container\">\n\t\t\t<h2 class=\"elementor-heading-title elementor-size-large\">WPROWADZANIE ZU\u017bYTEGO OLEJU KUCHENNEGO<\/h2>\t\t<\/div>\n\t\t\t\t<\/div>\n\t\t\t\t<div class=\"elementor-element elementor-element-1ad3ddd elementor-widget elementor-widget-text-editor\" data-id=\"1ad3ddd\" data-element_type=\"widget\" data-widget_type=\"text-editor.default\">\n\t\t\t\t<div class=\"elementor-widget-container\">\n\t\t\t\t\t\t\t\t<div class=\"elementor-text-editor elementor-clearfix\">\n\t\t\t\t<p style=\"text-align: justify;\"><span style=\"color: #ffffff;\"><b>Zu\u017cyty olej kuchenny<\/b> oznacza frakcj\u0119 oleju z odpad\u00f3w gastronomicznych stanowi\u0105cych materia\u0142 kategorii 3, <u>zawieraj\u0105cy materia\u0142y pochodzenia zwierz\u0119cego lub sk\u0142adaj\u0105cy si\u0119 z materia\u0142\u00f3w pochodzenia zwierz\u0119cego<\/u>, o kt\u00f3rych mowa w art. 10 lit. p) rozporz\u0105dzenia (WE) nr 1069\/2009.<\/span><\/p>\n<p style=\"text-align: justify;\"><span style=\"color: #ffffff;\"><b>Zu\u017cyty olej kuchenny <\/b>(used cooking oli &#8211; UCO), kod CN: 15180095 i 382510, pochodzenia zwierz\u0119cego, ro\u015blinnego lub mieszanego &#8211; zwierz\u0119cego i ro\u015blinnego, <u>zawieraj\u0105cy materia\u0142y pochodzenia zwierz\u0119cego<\/u>, je\u015bli jest przeznaczony do stosowania w zakresie rozporz\u0105dzenia (WE) 1069\/2009 (na przyk\u0142ad na nawozy organiczne, biogaz, biodiesel lub paliwo oraz kompostowanie) <b><u>podlega weterynaryjnej kontroli granicznej<\/u><\/b>. Obecnie jego wprowadzanie na terytorium UE podlega przepisom krajowym poszczeg\u00f3lnych pa\u0144stw cz\u0142onkowskich &#8211; produkt niezharmonizowany.<\/span>\n<span style=\"color: #ffffff;\">Od dnia 19.11.2027 r. b\u0119dzie stosowane rozporz\u0105dzenie (UE) 2025\/2181, na kt\u00f3rego mocy, zu\u017cyty olej kuchenny stanie si\u0119 produktem zharmonizowanym. Pod okre\u015blonymi w rozporz\u0105dzeniu warunkami \u2013 jednolitymi dla wszystkich pa\u0144stw UE, wprowadzanie b\u0119dzie mo\u017cliwe ze wszystkich pa\u0144stwa trzecich. Zg\u0142oszenie przesy\u0142ek do weterynaryjnej kontroli granicznej b\u0119dzie si\u0119 odbywa\u0107 na dokumencie CHED-P w systemie TRACES. Przesy\u0142ce zu\u017cytego oleju kuchennego podczs przeprowadzania kontroli urz\u0119dowych w punktach kontroli granicznej b\u0119dzie musia\u0142a towarzyszy\u0107 deklaracja zgodna z rozporz\u0105dzeniem (UE) 142\/2011.<\/span><\/p>\t\t\t\t\t<\/div>\n\t\t\t\t\t\t<\/div>\n\t\t\t\t<\/div>\n\t\t\t\t<div class=\"elementor-element elementor-element-c92aba6 elementor-align-left elementor-icon-list--layout-traditional elementor-list-item-link-full_width elementor-widget elementor-widget-icon-list\" data-id=\"c92aba6\" data-element_type=\"widget\" data-widget_type=\"icon-list.default\">\n\t\t\t\t<div class=\"elementor-widget-container\">\n\t\t\t\t\t<ul class=\"elementor-icon-list-items\">\n\t\t\t\t\t\t\t<li class=\"elementor-icon-list-item\">\n\t\t\t\t\t\t\t\t\t\t\t<a href=\"http:\/\/griwkor.pl\/2019\/wp-content\/uploads\/2026\/01\/260130_deklaracja_zuzyty-olej-kuch.pdf\">\n\n\t\t\t\t\t\t\t\t\t\t\t\t<span class=\"elementor-icon-list-icon\">\n\t\t\t\t\t\t\t<i aria-hidden=\"true\" class=\"far fa-file-pdf\"><\/i>\t\t\t\t\t\t<\/span>\n\t\t\t\t\t\t\t\t\t\t<span class=\"elementor-icon-list-text\">Wz\u00f3r deklaracji<\/span>\n\t\t\t\t\t\t\t\t\t\t\t<\/a>\n\t\t\t\t\t\t\t\t\t<\/li>\n\t\t\t\t\t\t<\/ul>\n\t\t\t\t<\/div>\n\t\t\t\t<\/div>\n\t\t\t\t<div class=\"elementor-element elementor-element-d4b4aff elementor-widget elementor-widget-text-editor\" data-id=\"d4b4aff\" data-element_type=\"widget\" data-widget_type=\"text-editor.default\">\n\t\t\t\t<div class=\"elementor-widget-container\">\n\t\t\t\t\t\t\t\t<div class=\"elementor-text-editor elementor-clearfix\">\n\t\t\t\t<p style=\"text-align: justify;\"><span style=\"color: #ffffff;\">Olej posma\u017calniczy niezawieraj\u0105cy materia\u0142\u00f3w pochodzenia zwierz\u0119cego ani niesk\u0142adaj\u0105cy si\u0119 z materia\u0142\u00f3w pochodzenia zwierz\u0119cego nie jest obj\u0119ty zakresem stosowania rozporz\u0105dzenia (WE) nr 1069\/2009.<\/span><\/p>\t\t\t\t\t<\/div>\n\t\t\t\t\t\t<\/div>\n\t\t\t\t<\/div>\n\t\t\t\t<div class=\"elementor-element elementor-element-cf8cb63 elementor-widget elementor-widget-text-editor\" data-id=\"cf8cb63\" data-element_type=\"widget\" data-widget_type=\"text-editor.default\">\n\t\t\t\t<div class=\"elementor-widget-container\">\n\t\t\t\t\t\t\t\t<div class=\"elementor-text-editor elementor-clearfix\">\n\t\t\t\t<p><span style=\"color: #ffffff;\"><b>O\u015aWIADCZENIE DOT. OLEJU POSMA\u017bALNICZEGO NIEPODLEGAJ\u0104CEGO WETERYNARYJNEJ KONTROLI GRANICZNEJ<\/b><\/span><\/p>\t\t\t\t\t<\/div>\n\t\t\t\t\t\t<\/div>\n\t\t\t\t<\/div>\n\t\t\t\t<div class=\"elementor-element elementor-element-7345efd elementor-align-left elementor-icon-list--layout-traditional elementor-list-item-link-full_width elementor-widget elementor-widget-icon-list\" data-id=\"7345efd\" data-element_type=\"widget\" data-widget_type=\"icon-list.default\">\n\t\t\t\t<div class=\"elementor-widget-container\">\n\t\t\t\t\t<ul class=\"elementor-icon-list-items\">\n\t\t\t\t\t\t\t<li class=\"elementor-icon-list-item\">\n\t\t\t\t\t\t\t\t\t\t\t<a href=\"http:\/\/griwkor.pl\/2019\/wp-content\/uploads\/2026\/02\/260207_oswiad-olej-posmazalniczy.pdf\">\n\n\t\t\t\t\t\t\t\t\t\t\t\t<span class=\"elementor-icon-list-icon\">\n\t\t\t\t\t\t\t<i aria-hidden=\"true\" class=\"far fa-file-pdf\"><\/i>\t\t\t\t\t\t<\/span>\n\t\t\t\t\t\t\t\t\t\t<span class=\"elementor-icon-list-text\">Przyk\u0142adowe o\u015bwiadczenie dot. oleju posma\u017calniczego niezawieraj\u0105cego materia\u0142\u00f3w pochodzenia zwierz\u0119cego ani niesk\u0142adaj\u0105cego si\u0119 z materia\u0142\u00f3w pochodzenia zwierz\u0119cego oraz nieprzeznaczonego na karm\u0119 dla zwierz\u0105t<\/span>\n\t\t\t\t\t\t\t\t\t\t\t<\/a>\n\t\t\t\t\t\t\t\t\t<\/li>\n\t\t\t\t\t\t<\/ul>\n\t\t\t\t<\/div>\n\t\t\t\t<\/div>\n\t\t\t\t<div class=\"elementor-element elementor-element-5695e2f elementor-align-left elementor-icon-list--layout-traditional elementor-list-item-link-full_width elementor-widget elementor-widget-icon-list\" data-id=\"5695e2f\" data-element_type=\"widget\" data-widget_type=\"icon-list.default\">\n\t\t\t\t<div class=\"elementor-widget-container\">\n\t\t\t\t\t<ul class=\"elementor-icon-list-items\">\n\t\t\t\t\t\t\t<li class=\"elementor-icon-list-item\">\n\t\t\t\t\t\t\t\t\t\t\t<a href=\"http:\/\/griwkor.pl\/2019\/wp-content\/uploads\/2026\/02\/260207_oswiad-olej-posmazalniczy.doc\">\n\n\t\t\t\t\t\t\t\t\t\t\t\t<span class=\"elementor-icon-list-icon\">\n\t\t\t\t\t\t\t<i aria-hidden=\"true\" class=\"far fa-file-word\"><\/i>\t\t\t\t\t\t<\/span>\n\t\t\t\t\t\t\t\t\t\t<span class=\"elementor-icon-list-text\">Przyk\u0142adowe o\u015bwiadczenie dot. oleju posma\u017calniczego niezawieraj\u0105cego materia\u0142\u00f3w pochodzenia zwierz\u0119cego ani niesk\u0142adaj\u0105cego si\u0119 z materia\u0142\u00f3w pochodzenia zwierz\u0119cego oraz nieprzeznaczonego na karm\u0119 dla zwierz\u0105t<\/span>\n\t\t\t\t\t\t\t\t\t\t\t<\/a>\n\t\t\t\t\t\t\t\t\t<\/li>\n\t\t\t\t\t\t<\/ul>\n\t\t\t\t<\/div>\n\t\t\t\t<\/div>\n\t\t\t\t<div class=\"elementor-element elementor-element-40f427c elementor-widget elementor-widget-text-editor\" data-id=\"40f427c\" data-element_type=\"widget\" data-widget_type=\"text-editor.default\">\n\t\t\t\t<div class=\"elementor-widget-container\">\n\t\t\t\t\t\t\t\t<div class=\"elementor-text-editor elementor-clearfix\">\n\t\t\t\t<p style=\"text-align: justify;\"><span style=\"color: #ffffff;\"><span style=\"color: #ff0000;\">Uwaga!<\/span>\u00a0Skarmianie <u>zwierz\u0105t gospodarskich<\/u> innych ni\u017c zwierz\u0119ta futerkowe odpadami gastronomicznymi, w tym <b>zu\u017cytym olejem kuchennym<\/b> lub materia\u0142em paszowym zawieraj\u0105cym odpady gastronomiczne, w tym <b>zu\u017cyty olej kuchenny<\/b> lub z nich otrzymanym jest <u>zabronione.<\/u><\/span><\/p>\t\t\t\t\t<\/div>\n\t\t\t\t\t\t<\/div>\n\t\t\t\t<\/div>\n\t\t\t\t<div class=\"elementor-element elementor-element-3e8d2fb elementor-widget elementor-widget-heading\" data-id=\"3e8d2fb\" data-element_type=\"widget\" data-widget_type=\"heading.default\">\n\t\t\t\t<div class=\"elementor-widget-container\">\n\t\t\t<h2 class=\"elementor-heading-title elementor-size-large\">WPROWADZANIE DO UE S\u0141OMY I SIANA<\/h2>\t\t<\/div>\n\t\t\t\t<\/div>\n\t\t\t\t<div class=\"elementor-element elementor-element-b6a3ed6 elementor-widget elementor-widget-text-editor\" data-id=\"b6a3ed6\" data-element_type=\"widget\" data-widget_type=\"text-editor.default\">\n\t\t\t\t<div class=\"elementor-widget-container\">\n\t\t\t\t\t\t\t\t<div class=\"elementor-text-editor elementor-clearfix\">\n\t\t\t\t<div><p style=\"text-align: justify;\"><span style=\"color: #ffffff;\"><span style=\"font-family: tahoma, arial, helvetica, sans-serif;\">Wszystkie przesy\u0142ki s\u0142omy i siana (CN 12130000 oraz 121490), w tym pelety na cele energetyczne nale\u017cy zg\u0142asza\u0107 do weterynaryjnej kontroli granicznej, jako produkty podlegaj\u0105ce takiej kontroli.<\/span><span style=\"font-family: tahoma, arial, helvetica, sans-serif;\"><br \/>Przyw\u00f3z do UE siana i s\u0142omy (w tym do cel\u00f3w energetycznych) mo\u017cliwy jest jedynie z pa\u0144stw trzecich wymienionych w za\u0142\u0105czniku \u00a0do Decyzji Komisji (UE) 2022\/575. Pa\u0144stwa wymienione w cytowanym za\u0142\u0105czniku to:<\/span><\/span><\/p><ul><li><span style=\"font-family: tahoma, arial, helvetica, sans-serif; color: #ffffff;\">Australia<\/span><\/li><li><span style=\"font-family: tahoma, arial, helvetica, sans-serif; color: #ffffff;\">Chile<\/span><\/li><li><span style=\"font-family: tahoma, arial, helvetica, sans-serif; color: #ffffff;\">Grenlandia<\/span><\/li><li><span style=\"font-family: tahoma, arial, helvetica, sans-serif; color: #ffffff;\">Islandia<\/span><\/li><li><span style=\"font-family: tahoma, arial, helvetica, sans-serif; color: #ffffff;\">Kanada<\/span><\/li><li><span style=\"font-family: tahoma, arial, helvetica, sans-serif; color: #ffffff;\">Szwajcaria<\/span><\/li><li><span style=\"font-family: tahoma, arial, helvetica, sans-serif; color: #ffffff;\">Nowa Zelandia<\/span><\/li><li><span style=\"font-family: tahoma, arial, helvetica, sans-serif; color: #ffffff;\">Stany Zjednoczone Ameryki<\/span><\/li><li><span style=\"font-family: tahoma, arial, helvetica, sans-serif; color: #ffffff;\">Zjednoczone Kr\u00f3lestwo<\/span><\/li><li><span style=\"font-family: tahoma, arial, helvetica, sans-serif; color: #ffffff;\">Guernsey<\/span><\/li><li><span style=\"font-family: tahoma, arial, helvetica, sans-serif; color: #ffffff;\">Wyspa Man<\/span><\/li><li><span style=\"font-family: tahoma, arial, helvetica, sans-serif; color: #ffffff;\">Jersey<\/span><\/li><li><span style=\"font-family: tahoma, arial, helvetica, sans-serif; color: #ffffff;\">Serbia<\/span><\/li><\/ul><div><span style=\"font-family: tahoma, arial, helvetica, sans-serif; color: #ffffff;\">Pa\u0144stwa, z kt\u00f3rych mo\u017cliwy jest przyw\u00f3z <u>jedynie granulatu s\u0142omy w celu produkcji energii<\/u> (spalanie i wsp\u00f3\u0142spalanie w zak\u0142adach energetycznych) to:<\/span><\/div><ul><li><span style=\"font-family: tahoma, arial, helvetica, sans-serif; color: #ffffff;\">Ukraina<\/span><\/li><\/ul><\/div>\t\t\t\t\t<\/div>\n\t\t\t\t\t\t<\/div>\n\t\t\t\t<\/div>\n\t\t\t\t<div class=\"elementor-element elementor-element-76acd36 elementor-widget elementor-widget-heading\" data-id=\"76acd36\" data-element_type=\"widget\" data-widget_type=\"heading.default\">\n\t\t\t\t<div class=\"elementor-widget-container\">\n\t\t\t<h2 class=\"elementor-heading-title elementor-size-large\">WPROWADZANIE TROFE\u00d3W MY\u015aLIWSKICH I INNYCH PREPARAT\u00d3W ZWIERZ\u0118CYCH<\/h2>\t\t<\/div>\n\t\t\t\t<\/div>\n\t\t\t\t<div class=\"elementor-element elementor-element-1677476 elementor-widget elementor-widget-text-editor\" data-id=\"1677476\" data-element_type=\"widget\" data-widget_type=\"text-editor.default\">\n\t\t\t\t<div class=\"elementor-widget-container\">\n\t\t\t\t\t\t\t\t<div class=\"elementor-text-editor elementor-clearfix\">\n\t\t\t\t<p style=\"text-align: justify;\"><span style=\"font-family: tahoma, arial, helvetica, sans-serif; color: #ffffff;\">Trofea my\u015bliwskie i inne preparaty zwierz\u0119ce mog\u0105 by\u0107 wprowadzane na teren UE bez kontroli weterynaryjnej tylko wtedy, je\u015bli zostan\u0105 poddane modelowaniu i specjalnej, okre\u015blonej przez Rozp. (UE) 142\/2011 obr\u00f3bce zapewniaj\u0105cej konserwacj\u0119 w temp. otoczenia i kt\u00f3rych forma (oraz miejsce pochodzenia wyklucza przenoszenie chor\u00f3b np. plastynacja, pe\u0142na taksydermia).<\/span><\/p>\n<span style=\"color: #ffffff;\"><ul>\n \t<li><span style=\"font-family: tahoma, arial, helvetica, sans-serif; color: #ffffff;\">Trofea i inne preparaty zwierz\u0119ce z gatunk\u00f3w nale\u017c\u0105cych do kopytnych i ptak\u00f3w oraz gromady Insecta i Arachnida, kt\u00f3re nie poddano obr\u00f3bce lub poddano obr\u00f3bce innej ni\u017c okre\u015blono powy\u017cej mog\u0105 zosta\u0107 wwiezione po przeprowadzeniu weterynaryjnej kontroli granicznej w odpowiednio zatwierdzonych posterunkach. Graniczny Inspektorat Weterynarii w Koroszczynie posiada zatwierdzony posterunek drogowy: Kukuryki-Koroszczyn. Zgodnie z Rozp. (UE) 142\/2011 takie trofea powinny pochodzi\u0107 z zatwierdzonego kraju i przedsi\u0119biorstwa oraz powinno im towarzyszy\u0107 odpowiednie \u015bwiadectwo weterynaryjne (patrz wzory \u015bwiadectw),<\/span><\/li>\n \t<li><span style=\"font-family: tahoma, arial, helvetica, sans-serif; color: #ffffff;\">Poddane obr\u00f3bce trofea z ptak\u00f3w i zwierz\u0105t kopytnych, sk\u0142adaj\u0105ce si\u0119 <u>wy\u0142\u0105cznie<\/u> z ko\u015bci, rog\u00f3w, kopyt, pazur\u00f3w, poro\u017ca, z\u0119b\u00f3w, sk\u00f3r lub sk\u00f3rek \u2013 mo\u017cna wprowadza\u0107 ze wszystkich pa\u0144stw III do UE,<\/span><\/li>\n \t<li><span style=\"font-family: tahoma, arial, helvetica, sans-serif; color: #ffffff;\">Trofea z ptak\u00f3w i zwierz\u0105t kopytnych, sk\u0142adaj\u0105ce si\u0119 z ca\u0142ych cz\u0119\u015bci anatomicznych, niepoddane obr\u00f3bce &#8211; odpowiednio: kraje zatwierdzone do przywozu \u015bwie\u017cego mi\u0119sa ptak\u00f3w wymienione w cz\u0119\u015bci 1 za\u0142\u0105cznika XIV do rozporz\u0105dzenia wykonawczego (UE) 2021\/404, z kt\u00f3rych pa\u0144stwa cz\u0142onkowskie zezwalaj\u0105 na przyw\u00f3z \u015bwie\u017cego mi\u0119sa drobiowego, oraz nast\u0119puj\u0105ce pa\u0144stwa i terytoria: (GL) Grenlandia, (TN) Tunezja; kraje zatwierdzone do przywozu \u015bwie\u017cego mi\u0119sa danych zwierz\u0105t kopytnych pa\u0144stwa trzecie wymienione w odpowiednich kolumnach dotycz\u0105cych \u015bwie\u017cego mi\u0119sa zwierz\u0105t kopytnych w cz\u0119\u015bci 1 za\u0142\u0105cznika XIII do rozporz\u0105dzenia wykonawczego (UE) 2021\/404, wraz z ograniczeniami ustanowionymi w kolumnie zawieraj\u0105cej warunki szczeg\u00f3lne dotycz\u0105ce \u015bwie\u017cego mi\u0119sa, lub w za\u0142\u0105czniku I do rozporz\u0105dzenia wykonawczego (UE) 2021\/405 w przypadku zwierz\u0105t jednokopytnych.<\/span><\/li>\n<\/ul>\n<p style=\"text-align: justify;\"><span style=\"font-family: tahoma, arial, helvetica, sans-serif; color: #ffffff;\">Trofea my\u015bliwskie i inne preparaty zwierz\u0119ce wprowadzane na terytorium UE podlegaj\u0105 przepisom weterynaryjnym oraz przepisom chroni\u0105cym przyrod\u0119 &#8211; Rozp. Rady (UE) 338\/1997. Posiadanie jedynie zezwolenia wydanego przez Ministerstwo Ochrony \u015arodowiska zgodnego z art.52 ust.1, pkt 11 ustawy z dnia 16 kwietnia 2004 r. o ochronie przyrody, nie jest wystarczaj\u0105ce, aby wwie\u015b\u0107 trofea z kraj\u00f3w trzecich do UE.<\/span><\/p>\t\t\t\t\t<\/div>\n\t\t\t\t\t\t<\/div>\n\t\t\t\t<\/div>\n\t\t\t\t<div class=\"elementor-element elementor-element-7842632 elementor-button-danger elementor-align-justify elementor-widget elementor-widget-button\" data-id=\"7842632\" data-element_type=\"widget\" data-widget_type=\"button.default\">\n\t\t\t\t<div class=\"elementor-widget-container\">\n\t\t\t\t\t<div class=\"elementor-button-wrapper\">\n\t\t\t<a href=\"#\" class=\"elementor-button-link elementor-button elementor-size-sm\" role=\"button\">\n\t\t\t\t\t\t<span class=\"elementor-button-content-wrapper\">\n\t\t\t\t\t\t<span class=\"elementor-button-text\">UWAGA: Ww\u00f3z ustrzelonych na BY tuszek ptak\u00f3w jest bezwzgl\u0119dnie niedozwolony z uwagi na obowi\u0105zuj\u0105ce przepisy weterynaryjne.<\/span>\n\t\t<\/span>\n\t\t\t\t\t<\/a>\n\t\t<\/div>\n\t\t\t\t<\/div>\n\t\t\t\t<\/div>\n\t\t\t\t\t\t<\/div>\n\t\t\t\t\t<\/div>\n\t\t<\/div>\n\t\t\t\t\t\t\t\t<\/div>\n\t\t\t\t\t<\/div>\n\t\t<\/section>\n\t\t\t\t\t\t\t\t\t<\/div>\n\t\t\t<\/div>\n\t\t\t\t\t<\/div>\n\t\t","protected":false},"excerpt":{"rendered":"<p>Informacje: Produkty WA\u017bNE INFORMACJE DLA OS\u00d3B PODR\u00d3\u017bUJ\u0104CYCH DO UE Przyw\u00f3z produkt\u00f3w pochodzenia zwierz\u0119cego na teren UE (w tym niewielkie ilo\u015bci wwo\u017cone przez podr\u00f3\u017cnych) Ulotka &#8211; produkty pochodzenia zwierz\u0119cego (w tym produkty z\u0142o\u017cone), kt\u00f3re mo\u017cna wwozi\u0107 do UE WYKAZY PODMIOT\u00d3W HC &#8211; Rejestr zatwierdzonych zak\u0142ad\u00f3w spo\u017cywczych w UE NHC &#8211; Rejestr zatwierdzonych zak\u0142ad\u00f3w dla produkt\u00f3w niejadalnych [&hellip;]<\/p>\n","protected":false},"author":2,"featured_media":0,"parent":0,"menu_order":0,"comment_status":"closed","ping_status":"closed","template":"elementor_header_footer","meta":[],"_links":{"self":[{"href":"http:\/\/griwkor.pl\/2019\/wp-json\/wp\/v2\/pages\/1199"}],"collection":[{"href":"http:\/\/griwkor.pl\/2019\/wp-json\/wp\/v2\/pages"}],"about":[{"href":"http:\/\/griwkor.pl\/2019\/wp-json\/wp\/v2\/types\/page"}],"author":[{"embeddable":true,"href":"http:\/\/griwkor.pl\/2019\/wp-json\/wp\/v2\/users\/2"}],"replies":[{"embeddable":true,"href":"http:\/\/griwkor.pl\/2019\/wp-json\/wp\/v2\/comments?post=1199"}],"version-history":[{"count":83,"href":"http:\/\/griwkor.pl\/2019\/wp-json\/wp\/v2\/pages\/1199\/revisions"}],"predecessor-version":[{"id":11120,"href":"http:\/\/griwkor.pl\/2019\/wp-json\/wp\/v2\/pages\/1199\/revisions\/11120"}],"wp:attachment":[{"href":"http:\/\/griwkor.pl\/2019\/wp-json\/wp\/v2\/media?parent=1199"}],"curies":[{"name":"wp","href":"https:\/\/api.w.org\/{rel}","templated":true}]}}