{"id":2890,"date":"2019-09-04T11:08:48","date_gmt":"2019-09-04T11:08:48","guid":{"rendered":"http:\/\/griwkor.pl\/2019\/?page_id=2890"},"modified":"2019-09-04T11:13:03","modified_gmt":"2019-09-04T11:13:03","slug":"afrykanski-pomor-swin-filmy","status":"publish","type":"page","link":"http:\/\/griwkor.pl\/2019\/afrykanski-pomor-swin-filmy\/","title":{"rendered":"AFRYKA\u0143SKI POM\u00d3R \u015aWI\u0143 &#8211; FILMY"},"content":{"rendered":"\t\t<div data-elementor-type=\"wp-post\" data-elementor-id=\"2890\" class=\"elementor elementor-2890\">\n\t\t\t\t\t\t<div class=\"elementor-inner\">\n\t\t\t\t<div class=\"elementor-section-wrap\">\n\t\t\t\t\t\t\t\t\t<section class=\"elementor-section elementor-top-section elementor-element elementor-element-01f704b elementor-section-full_width elementor-section-height-default elementor-section-height-default\" data-id=\"01f704b\" data-element_type=\"section\">\n\t\t\t\t\t\t<div class=\"elementor-container elementor-column-gap-no\">\n\t\t\t\t\t\t\t<div class=\"elementor-row\">\n\t\t\t\t\t<div class=\"elementor-column elementor-col-33 elementor-top-column elementor-element elementor-element-38de144\" data-id=\"38de144\" data-element_type=\"column\" data-settings=\"{&quot;background_background&quot;:&quot;classic&quot;}\">\n\t\t\t<div class=\"elementor-column-wrap\">\n\t\t\t\t\t\t\t<div class=\"elementor-widget-wrap\">\n\t\t\t\t\t\t\t\t<\/div>\n\t\t\t\t\t<\/div>\n\t\t<\/div>\n\t\t\t\t<div class=\"elementor-column elementor-col-33 elementor-top-column elementor-element elementor-element-76d0329\" data-id=\"76d0329\" data-element_type=\"column\" data-settings=\"{&quot;background_background&quot;:&quot;classic&quot;}\">\n\t\t\t<div class=\"elementor-column-wrap elementor-element-populated\">\n\t\t\t\t\t\t\t<div class=\"elementor-widget-wrap\">\n\t\t\t\t\t\t<div class=\"elementor-element elementor-element-f43f637 elementor-nav-menu__align-left elementor-nav-menu--dropdown-mobile elementor-nav-menu--stretch elementor-nav-menu__text-align-center elementor-nav-menu--indicator-classic elementor-nav-menu--toggle elementor-nav-menu--burger elementor-widget elementor-widget-nav-menu\" data-id=\"f43f637\" data-element_type=\"widget\" data-settings=\"{&quot;layout&quot;:&quot;vertical&quot;,&quot;full_width&quot;:&quot;stretch&quot;,&quot;toggle&quot;:&quot;burger&quot;}\" data-widget_type=\"nav-menu.default\">\n\t\t\t\t<div class=\"elementor-widget-container\">\n\t\t\t\t\t\t<nav role=\"navigation\" class=\"elementor-nav-menu--main elementor-nav-menu__container elementor-nav-menu--layout-vertical e--pointer-none\"><ul id=\"menu-1-f43f637\" class=\"elementor-nav-menu sm-vertical\"><li class=\"menu-item menu-item-type-post_type menu-item-object-page menu-item-135\"><a href=\"http:\/\/griwkor.pl\/2019\/zwierzeta\/\" class=\"elementor-item\">ZWIERZ\u0118TA<\/a><\/li>\n<li class=\"menu-item menu-item-type-post_type menu-item-object-page menu-item-2143\"><a href=\"http:\/\/griwkor.pl\/2019\/produkty\/\" class=\"elementor-item\">PRODUKTY<\/a><\/li>\n<li class=\"menu-item menu-item-type-post_type menu-item-object-page menu-item-133\"><a href=\"http:\/\/griwkor.pl\/2019\/pasze\/\" class=\"elementor-item\">PASZE<\/a><\/li>\n<li class=\"menu-item menu-item-type-post_type menu-item-object-page menu-item-134\"><a href=\"http:\/\/griwkor.pl\/2019\/eksport-z-pl\/\" class=\"elementor-item\">EKSPORT Z PL<\/a><\/li>\n<li class=\"menu-item menu-item-type-post_type menu-item-object-page menu-item-132\"><a href=\"http:\/\/griwkor.pl\/2019\/eksport-z-pl-do-ru-by-kz\/\" class=\"elementor-item\">EKSPORT Z PL DO RU, BY, KZ<\/a><\/li>\n<li class=\"menu-item menu-item-type-post_type menu-item-object-page menu-item-131\"><a href=\"http:\/\/griwkor.pl\/2019\/choroby-zakazne\/\" class=\"elementor-item\">CHOROBY ZAKA\u0179NE<\/a><\/li>\n<li class=\"menu-item menu-item-type-post_type menu-item-object-page menu-item-2310\"><a href=\"http:\/\/griwkor.pl\/2019\/zgloszenie-do-przeladunku\/\" class=\"elementor-item\">ZG\u0141OSZENIE DO PRZE\u0141ADUNKU<\/a><\/li>\n<li class=\"menu-item menu-item-type-post_type menu-item-object-page menu-item-2309\"><a href=\"http:\/\/griwkor.pl\/2019\/zgloszenie-do-kontroli\/\" class=\"elementor-item\">ZG\u0141OSZENIE DO KONTROLI<\/a><\/li>\n<li class=\"menu-item menu-item-type-post_type menu-item-object-page menu-item-has-children menu-item-2308\"><a href=\"http:\/\/griwkor.pl\/2019\/?page_id=253\" class=\"elementor-item\">WZORY \u015aWIADECTW WET.<\/a>\n<ul class=\"sub-menu elementor-nav-menu--dropdown\">\n\t<li class=\"menu-item menu-item-type-custom menu-item-object-custom menu-item-has-children menu-item-3713\"><a href=\"#\" class=\"elementor-sub-item elementor-item-anchor\">Zwierz\u0119ta<\/a>\n\t<ul class=\"sub-menu elementor-nav-menu--dropdown\">\n\t\t<li class=\"menu-item menu-item-type-post_type menu-item-object-page menu-item-3685\"><a href=\"http:\/\/griwkor.pl\/2019\/wzory-swiadectw\/zwierzeta-e-konie-rejestrowane\/\" class=\"elementor-sub-item\">E (konie rejestrowane)<\/a><\/li>\n\t\t<li class=\"menu-item menu-item-type-post_type menu-item-object-page menu-item-3684\"><a href=\"http:\/\/griwkor.pl\/2019\/wzory-swiadectw\/zwierzeta-u-kopytne\/\" class=\"elementor-sub-item\">U (kopytne)<\/a><\/li>\n\t\t<li class=\"menu-item menu-item-type-post_type menu-item-object-page menu-item-3683\"><a href=\"http:\/\/griwkor.pl\/2019\/wzory-swiadectw\/zwierzeta-o-pozostale\/\" class=\"elementor-sub-item\">O (pozosta\u0142e)<\/a><\/li>\n\t<\/ul>\n<\/li>\n\t<li class=\"menu-item menu-item-type-custom menu-item-object-custom menu-item-has-children menu-item-3714\"><a href=\"#\" class=\"elementor-sub-item elementor-item-anchor\">Produkty<\/a>\n\t<ul class=\"sub-menu elementor-nav-menu--dropdown\">\n\t\t<li class=\"menu-item menu-item-type-post_type menu-item-object-page menu-item-3681\"><a href=\"http:\/\/griwkor.pl\/2019\/wzory-swiadectw\/produkty-hc-jadalne-przywoz\/\" class=\"elementor-sub-item\">HC (jadalne) PRZYW\u00d3Z<\/a><\/li>\n\t\t<li class=\"menu-item menu-item-type-post_type menu-item-object-page menu-item-3680\"><a href=\"http:\/\/griwkor.pl\/2019\/wzory-swiadectw\/produkty-hc-jadalne-tranzyt\/\" class=\"elementor-sub-item\">HC (jadalne) TRANZYT<\/a><\/li>\n\t\t<li class=\"menu-item menu-item-type-post_type menu-item-object-page menu-item-3682\"><a href=\"http:\/\/griwkor.pl\/2019\/wzory-swiadectw\/produkty-nhc-niejadalne\/\" class=\"elementor-sub-item\">NHC (niejadalne)<\/a><\/li>\n\t<\/ul>\n<\/li>\n<\/ul>\n<\/li>\n<li class=\"menu-item menu-item-type-post_type menu-item-object-page menu-item-2307\"><a href=\"http:\/\/griwkor.pl\/2019\/inne-2\/\" class=\"elementor-item\">INNE<\/a><\/li>\n<\/ul><\/nav>\n\t\t\t\t\t<div class=\"elementor-menu-toggle\" role=\"button\" tabindex=\"0\" aria-label=\"Menu Toggle\" aria-expanded=\"false\">\n\t\t\t<i class=\"eicon-menu-bar\" aria-hidden=\"true\"><\/i>\n\t\t\t<span class=\"elementor-screen-only\">Menu<\/span>\n\t\t<\/div>\n\t\t\t<nav class=\"elementor-nav-menu--dropdown elementor-nav-menu__container\" role=\"navigation\" aria-hidden=\"true\"><ul id=\"menu-2-f43f637\" class=\"elementor-nav-menu sm-vertical\"><li class=\"menu-item menu-item-type-post_type menu-item-object-page menu-item-135\"><a href=\"http:\/\/griwkor.pl\/2019\/zwierzeta\/\" class=\"elementor-item\">ZWIERZ\u0118TA<\/a><\/li>\n<li class=\"menu-item menu-item-type-post_type menu-item-object-page menu-item-2143\"><a href=\"http:\/\/griwkor.pl\/2019\/produkty\/\" class=\"elementor-item\">PRODUKTY<\/a><\/li>\n<li class=\"menu-item menu-item-type-post_type menu-item-object-page menu-item-133\"><a href=\"http:\/\/griwkor.pl\/2019\/pasze\/\" class=\"elementor-item\">PASZE<\/a><\/li>\n<li class=\"menu-item menu-item-type-post_type menu-item-object-page menu-item-134\"><a href=\"http:\/\/griwkor.pl\/2019\/eksport-z-pl\/\" class=\"elementor-item\">EKSPORT Z PL<\/a><\/li>\n<li class=\"menu-item menu-item-type-post_type menu-item-object-page menu-item-132\"><a href=\"http:\/\/griwkor.pl\/2019\/eksport-z-pl-do-ru-by-kz\/\" class=\"elementor-item\">EKSPORT Z PL DO RU, BY, KZ<\/a><\/li>\n<li class=\"menu-item menu-item-type-post_type menu-item-object-page menu-item-131\"><a href=\"http:\/\/griwkor.pl\/2019\/choroby-zakazne\/\" class=\"elementor-item\">CHOROBY ZAKA\u0179NE<\/a><\/li>\n<li class=\"menu-item menu-item-type-post_type menu-item-object-page menu-item-2310\"><a href=\"http:\/\/griwkor.pl\/2019\/zgloszenie-do-przeladunku\/\" class=\"elementor-item\">ZG\u0141OSZENIE DO PRZE\u0141ADUNKU<\/a><\/li>\n<li class=\"menu-item menu-item-type-post_type menu-item-object-page menu-item-2309\"><a href=\"http:\/\/griwkor.pl\/2019\/zgloszenie-do-kontroli\/\" class=\"elementor-item\">ZG\u0141OSZENIE DO KONTROLI<\/a><\/li>\n<li class=\"menu-item menu-item-type-post_type menu-item-object-page menu-item-has-children menu-item-2308\"><a href=\"http:\/\/griwkor.pl\/2019\/?page_id=253\" class=\"elementor-item\">WZORY \u015aWIADECTW WET.<\/a>\n<ul class=\"sub-menu elementor-nav-menu--dropdown\">\n\t<li class=\"menu-item menu-item-type-custom menu-item-object-custom menu-item-has-children menu-item-3713\"><a href=\"#\" class=\"elementor-sub-item elementor-item-anchor\">Zwierz\u0119ta<\/a>\n\t<ul class=\"sub-menu elementor-nav-menu--dropdown\">\n\t\t<li class=\"menu-item menu-item-type-post_type menu-item-object-page menu-item-3685\"><a href=\"http:\/\/griwkor.pl\/2019\/wzory-swiadectw\/zwierzeta-e-konie-rejestrowane\/\" class=\"elementor-sub-item\">E (konie rejestrowane)<\/a><\/li>\n\t\t<li class=\"menu-item menu-item-type-post_type menu-item-object-page menu-item-3684\"><a href=\"http:\/\/griwkor.pl\/2019\/wzory-swiadectw\/zwierzeta-u-kopytne\/\" class=\"elementor-sub-item\">U (kopytne)<\/a><\/li>\n\t\t<li class=\"menu-item menu-item-type-post_type menu-item-object-page menu-item-3683\"><a href=\"http:\/\/griwkor.pl\/2019\/wzory-swiadectw\/zwierzeta-o-pozostale\/\" class=\"elementor-sub-item\">O (pozosta\u0142e)<\/a><\/li>\n\t<\/ul>\n<\/li>\n\t<li class=\"menu-item menu-item-type-custom menu-item-object-custom menu-item-has-children menu-item-3714\"><a href=\"#\" class=\"elementor-sub-item elementor-item-anchor\">Produkty<\/a>\n\t<ul class=\"sub-menu elementor-nav-menu--dropdown\">\n\t\t<li class=\"menu-item menu-item-type-post_type menu-item-object-page menu-item-3681\"><a href=\"http:\/\/griwkor.pl\/2019\/wzory-swiadectw\/produkty-hc-jadalne-przywoz\/\" class=\"elementor-sub-item\">HC (jadalne) PRZYW\u00d3Z<\/a><\/li>\n\t\t<li class=\"menu-item menu-item-type-post_type menu-item-object-page menu-item-3680\"><a href=\"http:\/\/griwkor.pl\/2019\/wzory-swiadectw\/produkty-hc-jadalne-tranzyt\/\" class=\"elementor-sub-item\">HC (jadalne) TRANZYT<\/a><\/li>\n\t\t<li class=\"menu-item menu-item-type-post_type menu-item-object-page menu-item-3682\"><a href=\"http:\/\/griwkor.pl\/2019\/wzory-swiadectw\/produkty-nhc-niejadalne\/\" class=\"elementor-sub-item\">NHC (niejadalne)<\/a><\/li>\n\t<\/ul>\n<\/li>\n<\/ul>\n<\/li>\n<li class=\"menu-item menu-item-type-post_type menu-item-object-page menu-item-2307\"><a href=\"http:\/\/griwkor.pl\/2019\/inne-2\/\" class=\"elementor-item\">INNE<\/a><\/li>\n<\/ul><\/nav>\n\t\t\t\t<\/div>\n\t\t\t\t<\/div>\n\t\t\t\t\t\t<\/div>\n\t\t\t\t\t<\/div>\n\t\t<\/div>\n\t\t\t\t<div class=\"elementor-column elementor-col-33 elementor-top-column elementor-element elementor-element-e5cfc8c\" data-id=\"e5cfc8c\" data-element_type=\"column\">\n\t\t\t<div class=\"elementor-column-wrap elementor-element-populated\">\n\t\t\t\t\t\t\t<div class=\"elementor-widget-wrap\">\n\t\t\t\t\t\t<div class=\"elementor-element elementor-element-44f5891 elementor-widget-divider--view-line elementor-widget elementor-widget-divider\" data-id=\"44f5891\" data-element_type=\"widget\" data-widget_type=\"divider.default\">\n\t\t\t\t<div class=\"elementor-widget-container\">\n\t\t\t\t\t<div class=\"elementor-divider\">\n\t\t\t<span class=\"elementor-divider-separator\">\n\t\t\t\t\t\t<\/span>\n\t\t<\/div>\n\t\t\t\t<\/div>\n\t\t\t\t<\/div>\n\t\t\t\t<section class=\"elementor-section elementor-inner-section elementor-element elementor-element-a12801a elementor-section-boxed elementor-section-height-default elementor-section-height-default\" data-id=\"a12801a\" data-element_type=\"section\">\n\t\t\t\t\t\t<div class=\"elementor-container elementor-column-gap-default\">\n\t\t\t\t\t\t\t<div class=\"elementor-row\">\n\t\t\t\t\t<div class=\"elementor-column elementor-col-50 elementor-inner-column elementor-element elementor-element-759e1c9\" data-id=\"759e1c9\" data-element_type=\"column\">\n\t\t\t<div class=\"elementor-column-wrap elementor-element-populated\">\n\t\t\t\t\t\t\t<div class=\"elementor-widget-wrap\">\n\t\t\t\t\t\t<div class=\"elementor-element elementor-element-c4ac515 elementor-widget elementor-widget-heading\" data-id=\"c4ac515\" data-element_type=\"widget\" data-widget_type=\"heading.default\">\n\t\t\t\t<div class=\"elementor-widget-container\">\n\t\t\t<h2 class=\"elementor-heading-title elementor-size-default\">Film produkcji rosyjskiej - Afryka\u0144ski pom\u00f3r \u015bwi\u0144 - biologiczna wojna XXI wieku.\n<\/h2>\t\t<\/div>\n\t\t\t\t<\/div>\n\t\t\t\t<div class=\"elementor-element elementor-element-65e8cab elementor-aspect-ratio-169 elementor-widget elementor-widget-video\" data-id=\"65e8cab\" data-element_type=\"widget\" data-settings=\"{&quot;youtube_url&quot;:&quot;https:\\\/\\\/www.youtube.com\\\/watch?v=fYHxwjX0mpU&quot;,&quot;video_type&quot;:&quot;youtube&quot;,&quot;controls&quot;:&quot;yes&quot;,&quot;aspect_ratio&quot;:&quot;169&quot;}\" data-widget_type=\"video.default\">\n\t\t\t\t<div class=\"elementor-widget-container\">\n\t\t\t\t\t<div class=\"elementor-wrapper elementor-fit-aspect-ratio elementor-open-inline\">\n\t\t\t<div class=\"elementor-video\"><\/div>\t\t<\/div>\n\t\t\t\t<\/div>\n\t\t\t\t<\/div>\n\t\t\t\t\t\t<\/div>\n\t\t\t\t\t<\/div>\n\t\t<\/div>\n\t\t\t\t<div class=\"elementor-column elementor-col-50 elementor-inner-column elementor-element elementor-element-38e83fd\" data-id=\"38e83fd\" data-element_type=\"column\">\n\t\t\t<div class=\"elementor-column-wrap elementor-element-populated\">\n\t\t\t\t\t\t\t<div class=\"elementor-widget-wrap\">\n\t\t\t\t\t\t<div class=\"elementor-element elementor-element-58b232d elementor-widget elementor-widget-heading\" data-id=\"58b232d\" data-element_type=\"widget\" data-widget_type=\"heading.default\">\n\t\t\t\t<div class=\"elementor-widget-container\">\n\t\t\t<h2 class=\"elementor-heading-title elementor-size-default\">Zwalczanie ASF w ZSRR na Ukrainie, w Obwodzie odeskim w III-IX 1977 roku.\n<\/h2>\t\t<\/div>\n\t\t\t\t<\/div>\n\t\t\t\t<div class=\"elementor-element elementor-element-33e35e9 elementor-aspect-ratio-169 elementor-widget elementor-widget-video\" data-id=\"33e35e9\" data-element_type=\"widget\" data-settings=\"{&quot;youtube_url&quot;:&quot;https:\\\/\\\/www.youtube.com\\\/watch?v=Frtq-yAKt0E&quot;,&quot;video_type&quot;:&quot;youtube&quot;,&quot;controls&quot;:&quot;yes&quot;,&quot;aspect_ratio&quot;:&quot;169&quot;}\" data-widget_type=\"video.default\">\n\t\t\t\t<div class=\"elementor-widget-container\">\n\t\t\t\t\t<div class=\"elementor-wrapper elementor-fit-aspect-ratio elementor-open-inline\">\n\t\t\t<div class=\"elementor-video\"><\/div>\t\t<\/div>\n\t\t\t\t<\/div>\n\t\t\t\t<\/div>\n\t\t\t\t\t\t<\/div>\n\t\t\t\t\t<\/div>\n\t\t<\/div>\n\t\t\t\t\t\t\t\t<\/div>\n\t\t\t\t\t<\/div>\n\t\t<\/section>\n\t\t\t\t\t\t<\/div>\n\t\t\t\t\t<\/div>\n\t\t<\/div>\n\t\t\t\t\t\t\t\t<\/div>\n\t\t\t\t\t<\/div>\n\t\t<\/section>\n\t\t\t\t\t\t\t\t\t<\/div>\n\t\t\t<\/div>\n\t\t\t\t\t<\/div>\n\t\t","protected":false},"excerpt":{"rendered":"<p>Film produkcji rosyjskiej &#8211; Afryka\u0144ski pom\u00f3r \u015bwi\u0144 &#8211; biologiczna wojna XXI wieku. Zwalczanie ASF w ZSRR na Ukrainie, w Obwodzie odeskim w III-IX 1977 roku.<\/p>\n","protected":false},"author":1,"featured_media":0,"parent":0,"menu_order":0,"comment_status":"closed","ping_status":"closed","template":"elementor_header_footer","meta":[],"_links":{"self":[{"href":"http:\/\/griwkor.pl\/2019\/wp-json\/wp\/v2\/pages\/2890"}],"collection":[{"href":"http:\/\/griwkor.pl\/2019\/wp-json\/wp\/v2\/pages"}],"about":[{"href":"http:\/\/griwkor.pl\/2019\/wp-json\/wp\/v2\/types\/page"}],"author":[{"embeddable":true,"href":"http:\/\/griwkor.pl\/2019\/wp-json\/wp\/v2\/users\/1"}],"replies":[{"embeddable":true,"href":"http:\/\/griwkor.pl\/2019\/wp-json\/wp\/v2\/comments?post=2890"}],"version-history":[{"count":6,"href":"http:\/\/griwkor.pl\/2019\/wp-json\/wp\/v2\/pages\/2890\/revisions"}],"predecessor-version":[{"id":2897,"href":"http:\/\/griwkor.pl\/2019\/wp-json\/wp\/v2\/pages\/2890\/revisions\/2897"}],"wp:attachment":[{"href":"http:\/\/griwkor.pl\/2019\/wp-json\/wp\/v2\/media?parent=2890"}],"curies":[{"name":"wp","href":"https:\/\/api.w.org\/{rel}","templated":true}]}}